e number?
True
Is 16489 composite?
True
Is 25001 composite?
True
Is 433934 prime?
False
Is 1163417 a prime number?
True
Is 1151 a prime number?
True
Is 447817 composite?
False
Is 1189 prime?
False
Is 6437 a prime number?
False
Is 305869 composite?
True
Is 42022 composite?
True
Is 25073 a composite number?
False
Is 208671 a prime number?
False
Is 58889 a prime number?
True
Is 670411 prime?
False
Is 1047307 prime?
True
Is 31669 composite?
True
Is 31121 prime?
True
Is 516403 prime?
False
Is 52099 prime?
False
Is 11854 composite?
True
Is 10037 a prime number?
True
Is 84497 a composite number?
True
Is 161371 prime?
False
Is 144559 a composite number?
True
Is 82117 a composite number?
True
Is 17231 composite?
False
Is 14903 a composite number?
True
Is 16343 a composite number?
True
Is 44769 composite?
True
Is 28693 a prime number?
False
Is 260907 composite?
True
Is 65497 prime?
True
Is 103519 a composite number?
True
Is 291419 composite?
False
Is 222182 a composite number?
True
Is 210061 composite?
True
Is 11351 a prime number?
True
Is 1303619 a composite number?
True
Is 32177 composite?
True
Is 16143 composite?
True
Is 12527 composite?
False
Is 6947 a prime number?
True
Is 1850831 a prime number?
True
Is 501451 a prime number?
True
Is 62173 composite?
True
Is 4058 prime?
False
Is 189217 a composite number?
True
Is 2019 a composite number?
True
Is 13001 prime?
True
Is 46118 composite?
True
Is 117409 composite?
True
Is 1081 composite?
True
Is 2846 composite?
True
Is 1135469 prime?
True
Is 6514 a composite number?
True
Is 332783 prime?
False
Is 23033 a composite number?
True
Is 6261 a prime number?
False
Is 143821 composite?
False
Is 2449 composite?
True
Is 100591 a prime number?
True
Is 16673 composite?
False
Is 21709 a prime number?
False
Is 377119 composite?
True
Is 313661 prime?
True
Is 2927 prime?
True
Is 14143 prime?
True
Is 54613 prime?
False
Is 517457 a prime number?
True
Is 263 a composite number?
False
Is 3073 prime?
False
Is 193733 prime?
False
Is 71371 prime?
False
Is 20407 composite?
False
Is 4915 composite?
True
Is 8681 a composite number?
False
Is 64211 a prime number?
False
Is 72263 composite?
True
Is 51787 prime?
True
Is 1602911 prime?
False
Is 6109 prime?
False
Is 9761 a prime number?
False
Is 352511 composite?
False
Is 84291 a composite number?
True
Is 1054023 prime?
False
Is 192929 composite?
True
Is 10003 a composite number?
True
Is 258155 a composite number?
True
Is 38 a composite number?
True
Is 966607 a composite number?
True
Is 197887 a prime number?
True
Is 66914 prime?
False
Is 12071 prime?
True
Is 5093 a prime number?
False
Is 39209 a prime number?
True
Is 10133 prime?
True
Is 4039 composite?
True
Is 402547 composite?
True
Is 442363 prime?
True
Is 128978 a prime number?
False
Is 43853 prime?
True
Is 705443 prime?
False
Is 20707 prime?
True
Is 3035 a prime number?
False
Is 2819 a composite number?
False
Is 81119 prime?
True
Is 187121 a composite number?
True
Is 1258243 a prime number?
False
Is 149293 composite?
True
Is 31951 a prime number?
False
Is 1943 a prime number?
False
Is 2215 prime?
False
Is 1423 composite?
False
Is 140863 a prime number?
True
Is 112327 composite?
False
Is 184057 a prime number?
True
Is 169789 prime?
True
Is 21161 a composite number?
True
Is 41042 a composite number?
True
Is 119819 a composite number?
True
Is 266507 a composite number?
True
Is 6739 prime?
False
Is 35671 composite?
False
Is 44467 a prime number?
False
Is 305441 composite?
False
Is 275381 prime?
False
Is 89617 a composite number?
True
Is 22567 a composite number?
False
Is 16243 a composite number?
True
Is 5981 prime?
True
Is 2280209 a composite number?
True
Is 2933 a composite number?
True
Is 82 a prime number?
False
Is 42551 a composite number?
True
Is 54695 a prime number?
False
Is 59483 a composite number?
True
Is 30337 a composite number?
True
Is 21617 prime?
True
Is 2055661 composite?
True
Is 796771 a composite number?
True
Is 39982 a composite number?
True
Is 23249 a prime number?
False
Is 72829 prime?
False
Is 48731 composite?
False
Is 41271 a prime number?
False
Is 119267 a prime number?
True
Is 87463 a prime number?
False
Is 24751 a prime number?
False
Is 77951 composite?
False
Is 260849 composite?
False
Is 106451 composite?
False
Is 6757 prime?
False
Is 206519 a composite number?
False
Is 433991 a composite number?
True
Is 14635 composite?
True
Is 4633 a composite number?
True
Is 881653 a composite number?
True
Is 602251 composite?
True
Is 20561 a prime number?
False
Is 14597 a prime number?
False
Is 126307 a prime number?
True
Is 6487 prime?
False
Is 4535 prime?
False
Is 51703 a prime number?
False
Is 826015 a prime number?
False
Is 446713 a composite number?
False
Is 323 a prime number?
False
Is 555487 a prime number?
True
Is 901 prime?
False
Is 159787 prime?
True
Is 10109 a prime number?
False
Is 547817 a composite number?
False
Is 24907 composite?
False
Is 730429 composite?
True
Is 73379 composite?
False
Is 630159 a prime number?
False
Is 58502 prime?
False
Is 136943 a prime number?
True
Is 696887 a composite number?
False
Is 816087 a composite number?
True
Is 1543 a composite number?
False
Is 171373 prime?
False
Is 47501 prime?
True
Is 9611 composite?
True
Is 17695 composite?
True
Is 65761 composite?
False
Is 15545 prime?
False
Is 39469 prime?
False
Is 44027 composite?
False
Is 127097 prime?
False
Is 331 a composite number?
False
Is 2785 a prime number?
False
Is 255947 prime?
True
Is 14243 a composite number?
False
Is 28531 prime?
False
Is 99001 a composite number?
True
Is 76649 prime?
True
Is 97919 a prime number?
True
Is 228203 composite?
False
Is 238883 prime?
True
Is 102149 composite?
False
Is 3734 prime?
False
Is 159259 composite?
True
Is 226397 a composite number?
False
Is 64591 a composite number?
False
Is 10979 prime?
True
Is 147677 a prime number?
False
Is 6449 a composite number?
False
Is 17273 a prime number?
False
Is 13841 composite?
False
Is 18301 prime?
True
Is 27997 prime?
True
Is 4769 prime?
False
Is 27581 a prime number?
True
Is 12359 composite?
True
Is 4911 prime?
False
Is 1389902 a composite number?
True
Is 859 prime?
True
Is 109465 a prime number?
False
Is 351719 a composite number?
True
Is 139423 prime?
True
Is 186419 a composite number?
False
Is 5263 a composite number?
True
Is 39481 prime?
False
Is 5737 prime?
True
Is 2579 a composite number?
False
Is 134171 a composite number?
False
Is 5077 a composite number?
False
Is 57881 a composite number?
False
Is 218877 composite?
True
Is 84023 a prime number?
False
Is 1667321 composite?
False
Is 126541 a prime number?
True
Is 7041 a prime number?
False
Is 18923 a composite number?
True
Is 46841 a prime number?
False
Is 1651 a prime number?
False
Is 36169 composite?
True
Is 9647 a composite number?
True
Is 45937 a prime number?
False
Is 35671 composite?
False
Is 87817 composite?
True
Is 63977 composite?
False
Is 109059 composite?
True
Is 34829 composite?
True
Is 462023 prime?
False
Is 11153 prime?
False
Is 69899 prime?
True
Is 10133 composite?
False
Is 1107467 prime?
True
Is 2790119 a composite number?
True
Is 18346 prime?
False
Is 763585 a composite number?
True
Is 74 prime?
False
Is 40709 a composite number?
False
Is 704521 a prime number?
True
Is 22937 a prime number?
True
Is 2459 composite?
False
Is 2333 composite?
False
Is 140351 a composite number?
False
Is 340169 prime?
True
Is 124022 a composite number?
True
Is 8749 a composite number?
True
Is 85889 prime?
True
Is 12689 composite?
False
Is 14251 a prime number?
True
Is 71411 prime?
True
Is 217307 prime?
True
Is 10555 a prime number?
False
Is 41867 a composite number?
True
Is 25339 prime?
True
Is 209315 a composite number?
True
Is 8143 a prime number?
False
Is 15889 a composite number?
False
Is 8147 composite?
False
Is 59333 composite?
False
Is 4583 composite?
False
Is 380041 composite?
False
Is 1841 prime?
False
Is 100819 a composite number?
True
Is 337 composite?
False
Is 5541 a composite number?
True
Is 71633 a composite number?
False
Is 167837 prime?
False
Is 7177 a prime number?
True
Is 759073 a prime number?
False
Is 24133 prime?
True
Is 22213 a prime number?
False
Is 7151 a composite number?
False
Is 2333 prime?
True
Is 1893451 composite?
True
Is 1898245 composite?
True
Is 8033 prime?
Fal